umber?
True
Let o = 751 + -354. Is o composite?
False
Let y(i) = 3*i**3 + i. Let a be y(5). Let t = a + -221. Suppose 2*r + t = 5*o - 178, o = -5*r + 62. Is o a prime number?
True
Is (-1)/(-4) + (-28376)/(-32) composite?
False
Let v = 284 - -219. Is v a prime number?
True
Let h(y) = -7*y**3 + 6*y**2 + 3*y - 25. Is h(-6) prime?
False
Let o(c) = -c**2 - 33*c - 19. Is o(-23) a composite number?
False
Let x = 7 - 4. Suppose s + s = -4*c - 28, x*c = -5*s - 35. Let g(p) = -p**3 + 2. Is g(c) a prime number?
True
Let l(z) = -2*z**3 - z**2 + z + 4. Let b be 5/(-2)*18/15. Is l(b) a composite number?
True
Suppose 5*a = -1 - 9. Let v(d) = -5*d - 3. Let y be v(a). Suppose -3*u - 148 = -y*u. Is u a prime number?
True
Let i(r) = -148*r - 29. Is i(-7) a prime number?
False
Let s(d) = -d**3 - 11*d**2 - 5*d - 10. Is s(-12) a composite number?
True
Let w = 79 + 108. Is w prime?
False
Let k be ((-2)/2)/1*-2. Is (3 - 2)*k + 49 a prime number?
False
Suppose 0 - 6 = -3*c. Suppose c*z - 19 = 191. Suppose -5*x + 220 = -z. Is x prime?
False
Let c = 74 + -28. Is c composite?
True
Suppose 7*p = 8*p - 785. Is p a composite number?
True
Let k(q) be the second derivative of 5*q**3/2 - 3*q**2/2 + 2*q. Let h be k(4). Suppose 5*o - h = 2*o. Is o a composite number?
False
Let y(a) = 2*a**2 + 17*a - 33. Is y(10) a prime number?
True
Let j(z) = -z**2 - 7*z + 8. Suppose -10 = p + 4*p. Let y(t) = -2*t**2 - 14*t + 16. Let f(c) = p*y(c) + 5*j(c). Is f(-6) composite?
True
Let w(t) = 7*t - 2. Let j be w(3). Let p = -1 - j. Let o = p + 45. Is o prime?
False
Let r = 23 + 3. Suppose 3*q + 9 + 121 = 5*o, o = -2*q + r. Is (o/5)/((-3)/(-15)) prime?
False
Let o(m) = 8*m**2 - m + 1. Let d be o(2). Let q = -78 + 136. Suppose 2*s - q = -a + d, 3*a - 267 = 2*s. Is a prime?
True
Let x(n) = n**3 + n + 33. Let b = -2 - -2. Is x(b) prime?
False
Let a be (-21)/(-4) + 3/(-12). Suppose -4*z - 5 = f, 5*z + 47 = a*f + z. Is f a composite number?
False
Let r = -6 - -11. Suppose 5*n - 285 = -5*z, -3 = 4*n - r*z - 213. Is n a prime number?
False
Is 2/5 - 333/(-5) composite?
False
Let q = 16 + -10. Suppose -4*c = 8, n + 30 = q*n - 5*c. Suppose -g = n*g - 310. Is g composite?
True
Let m(b) = 144*b + 49. Is m(6) prime?
False
Is (64/(-128))/(1 + 2111/(-2110)) composite?
True
Suppose 84 = -0*b + 2*b. Let g be ((-40)/15)/((-4)/b). Let k = g - 15. Is k a composite number?
False
Let c be 879/9 + (-1)/(-3). Let i = c - 61. Is i a prime number?
True
Let s(r) be the third derivative of r**6/120 - r**5/12 + 7*r**4/24 - 2*r**3/3 + 2*r**2. Let c(k) = k + 2. Let z be c(5). Is s(z) composite?
True
Let n be (4 - 1) + (-3 - 78). Let q = n + 112. Is q a prime number?
False
Suppose -i + 85 + 314 = -3*y, 3*i = y + 1229. Is i prime?
False
Let w = 102 + -18. Let h = w - 49. Suppose -4*m - 42 = -2*b, -2*b + 3*m - h = -4*b. Is b prime?
True
Let r(x) = 2*x**2 - 19*x + 6. Is r(13) composite?
False
Let o(i) = -i**2 - 4*i - 1. Let s be o(-3). Suppose -s*u + 56 = 4*h, 5*h + 4*u - 3*u - 73 = 0. Let r = h + 22. Is r a composite number?
False
Let n = 246 + 47. Is n prime?
True
Is ((-1)/3)/((-11)/1683) prime?
False
Suppose r + r = -812. Let v = 1329 + -594. Let u = v + r. Is u prime?
False
Let l(i) = -i + 1. Let o(u) = u**3 + 17*u**2 - 20*u - 12. Let b(d) = -5*l(d) + o(d). Is b(-16) prime?
True
Is 14/42 + 542/3 a prime number?
True
Suppose -6*w = -2*w - 4, 0 = -4*d - w + 5. Let z be 3*(0 - d/3). Let n = z + 12. Is n a prime number?
True
Let v = 43 + 42. Suppose -2*t - 196 = -3*q + 59, t = q - v. Is q composite?
True
Let j be (-3933)/21 + 4/14. Let a = -98 - j. Is a composite?
False
Let s = 524 + 149. Is s a prime number?
True
Let k(d) = 4*d**2 + 3*d + 4. Let r be -11 + 6/3 - -4. Is k(r) a composite number?
False
Suppose -3*v + 8987 = 5*p, 0*p = -2*v - 3*p + 5992. Is v prime?
True
Let a(i) = -246*i - 1. Is a(-2) prime?
True
Let x(k) = k + 1. Let w be x(-1). Let i(q) be the third derivative of q**6/120 + q**5/60 - q**4/24 + 35*q**3/6 - q**2. Is i(w) prime?
False
Suppose -4*n - 108 = 3*z + 41, -5*n + 5*z - 230 = 0. Let s = n - -106. Is s prime?
False
Let z(f) = -f**2 - 12*f**3 + 9 + 3*f**2 - 2*f - 2. Is z(-3) a composite number?
True
Let x(g) = -g**3 + 9*g**2 - 6*g + 15. Is x(6) a composite number?
True
Let z be -2 + 2*115 + -2. Suppose 0 = -2*w - 2*o + z, 229 = 3*w - w - o. Is (2/3)/(4/w) composite?
False
Suppose 312 = 2*a - 236. Is a a prime number?
False
Is (-1422)/(-24) - 1/4 composite?
False
Let s(j) = -71*j - 6. Let u be s(-4). Suppose 63 = -5*i + u. Is i a prime number?
True
Let z be (-222)/(-15) + (-1)/(-5). Suppose 3*y + 2*y = z, 0 = -2*o - 5*y + 61. Is o a prime number?
True
Let s(x) = x**2 + 6*x - 7. Let u be s(-7). Suppose 8 = -2*r - u*r, 0 = -2*k + 5*r + 8414. Is k/33 - 2/11 a composite number?
False
Let l = 60 + -41. Is l a composite number?
False
Let o(u) = 80*u**2 - u - 8. Is o(3) prime?
True
Suppose 8 = 3*w - w. Let o be w/(4/7)*1. Let i = o - 3. Is i composite?
True
Suppose -2861 = 4*b - 11025. Is b a prime number?
False
Let r be 2 + 0 + 1 + -1. Let t = r - 1. Let f(x) = 142*x + 1. Is f(t) composite?
True
Let b(a) = 7*a**2 + 4*a - 9. Is b(-12) composite?
True
Is 14442/30 - (-4)/(-10) a composite number?
True
Suppose -8*g = -9*g + 2819. Is g a prime number?
True
Let n(l) be the second derivative of -13*l**3/6 + 3*l**2/2 + 3*l. Is n(-10) a composite number?
True
Suppose 0 = -0*q - 5*q + 25. Suppose -143 = -2*d + u - 2*u, -q*u = 2*d - 163. Is d composite?
True
Suppose -10*s + 5*s = -8995. Is s prime?
False
Suppose 8*c + 2*c = 9710. Is c a composite number?
False
Suppose -o - 1089 = -4*o. Let g = o + -236. Is g prime?
True
Let b = -225 + 382. Is b a composite number?
False
Suppose 2*h - 133 = -5*a, 4*h - 2*h - 2*a - 112 = 0. Let o be (-1804)/(-16) - 6/8. Let c = o - h. Is c prime?
True
Let z = -9 + 59. Suppose -s + 3*y + 5 = 0, 0 = -4*s - 5*y - 0*y + 20. Suppose 3*k + i + 27 = 70, -4*k + z = s*i. Is k composite?
True
Is (-669)/1*(4 - (-39)/(-9)) a prime number?
True
Let i(l) = l**2 - 3*l + 3. Let n be i(4). Suppose -6*c - 158 = -n*c. Is c prime?
False
Suppose 4*r = -5*k + 2*k, 5*k + 3*r = 0. Suppose k = g + 4*g - 635. Let c = 180 - g. Is c a prime number?
True
Suppose 3*i = -2*v + 1076, 1536 = 3*v - 4*i - 95. Is v composite?
False
Let o be (3 - 290 - 3)/1. Is (-1)/1 - (-4 + o) a prime number?
True
Let v(c) = c + 4. Let y be v(-6). Let s(z) = -7*z**3 - z**2 + 1. Is s(y) a prime number?
True
Let a = 2 - 2. Suppose x + a*v = v + 37, 4*x - 2*v = 144. Is x a composite number?
True
Let h = -6 + 6. Suppose h*j = 3*j - 9. Suppose -82 = -2*w + 6*u - 2*u, 0 = 5*w - j*u - 240. Is w a composite number?
True
Let g = 19 - 11. Let y = 14 - g. Is y a composite number?
True
Let p(y) = 7*y**2 + 11*y - 1. Is p(-6) a prime number?
False
Suppose 2*l = 2*a - 68, 4*a - 5*l - 141 = -10. Is a prime?
False
Let m = 16 - 12. Suppose -570 = -5*t - 5*s, 4*s - 5*s = m*t - 453. Is t a prime number?
True
Let f be (-1 - 2/(-4))*0. Let d(r) = 5 + 3*r - r + f*r. Is d(8) a composite number?
True
Let x be (2/4)/(4/16). Let a = 5 + -1. Suppose -5*k - 3*j = -70, -x = k - a*j + 7. Is k a prime number?
True
Let j = 306 - -1735. Is j a composite number?
True
Suppose 3*f - 20 = -2*f. Suppose 91 = f*d + 3*a, -d - a = -6*d + 128. Suppose -k = b - d, -4*k - 3*b = -10 - 86. Is k composite?
True
Suppose 7*d - 4*d - 1935 = 0. Suppose -f - 4*l = -d, -2*f + 1278 = -5*l + l. Is f a prime number?
True
Let z = -54 + 85. Is z a composite number?
False
Let s(t) = 1 + 3*t + 0 + 5*t + 4*t. Is s(9) prime?
True
Suppose y - 1 = 0, 70 = 3*q - 5*y - 3. Suppose -2*b - q = -4*b. Is b prime?
True
Suppose 3*o - 2*j + j - 112 = 0, -o - j = -32. Let q be (o/8)/((-3)/(-4)). Suppose i + 50 = q*i. Is i a prime number?
False
Suppose -v = -0*w + w - 202, 0 = -3*v - 9. Is w prime?
False
Let i(m) = m**3 - 12*m**2 - 21*m + 15. Is i(16) prime?
False
Let k(w) be the first derivative of -w**3/3 - 9*w**2/2 - w + 1. Is k(-7) composite?
False
Let p = 7 + -9. Is 753/9 - p/(-3) prime?
True
Suppose 0 = -a + 1 - 7. Let c(d) = -84*d - 5. Is c(a) a composite number?
False
Let b(j) = 6*j**2 - 5*j - 4. Is b(-3) prime?
False
Suppose -4*c + 2*v = -1026, 2*v - 1 = 1. Is c prime?
True
Let h = 29 - 8. Let m(o) = 12*o + 2. Let p be m(2). Let i = p + h. Is i prime?
True
Suppose -5*u + 232 = -153. Suppose 0 = c - 92 - u. Is